e?
True
Let q = -201 + 491. Suppose 105*v + q = 110*v. Is v a prime number?
False
Let g(d) = -d**2 - d - 1. Let x(l) = 3*l**2 + 4. Let v(m) = 2*g(m) + x(m). Is v(7) prime?
True
Let r be -12 + 16 + (-5)/(10/4). Suppose -6*s = r*s - 6536. Is s prime?
False
Let s(i) = i + 10. Let h be s(8). Suppose h*m + 1320 = 13*m. Let v = -145 - m. Is v composite?
True
Is 99/(-33) + -1 + 15351 a composite number?
True
Suppose 17*g - 5615 = 23846. Is g a prime number?
True
Suppose 38 = -4*d + 978. Let t = -36 - 68. Let j = d + t. Is j prime?
True
Suppose -8253 = -14*u + 7*u. Suppose -3*g - 2*l = -4603, -l + u = 2*g - 1890. Is g composite?
True
Let w be (2/5)/(2/(-260)). Let z = -94 + w. Let n = -27 - z. Is n a composite number?
True
Let s(b) = b**2 + 4*b + 4. Let y be s(-8). Let j = 75 - y. Is j prime?
False
Let l(s) = 241*s**2 - s. Let t be l(-1). Let o be t/2 - (11 - 13). Suppose -o = -p + 766. Is p a prime number?
False
Let x(u) be the third derivative of 4*u**5/15 + u**4/3 + 3*u**3/2 + 30*u**2. Is x(-6) a prime number?
False
Let k(w) = -2*w**2 - w - 516. Let c be k(0). Let m = c - -1039. Suppose -l = -5*r + 4*l + 495, -2*l + m = 5*r. Is r a composite number?
False
Suppose -45*g + 36993 + 30822 = 0. Is g a composite number?
True
Let m be (14/(-6))/(2/(-6)). Suppose m*c + 3*l - 2923 = 2*c, -c = l - 583. Is c composite?
False
Let m = 27 + -25. Let f = 6 + -11. Is (f/m)/((-4)/232) a composite number?
True
Is ((-8)/(-24))/(3/46143) prime?
False
Suppose 7*i - 17*i + 480950 = 0. Is i composite?
True
Let c(n) = 36*n**2 + 10*n + 15. Let f be c(-6). Suppose 6*d + f = 3*g + 4*d, -2098 = -5*g - d. Is g a prime number?
True
Let k(i) = -941*i + 23. Let n(o) = 941*o - 24. Let v(z) = -6*k(z) - 7*n(z). Is v(-5) a prime number?
False
Suppose 3*t - 2*z - 13686 = 0, 5*t + z + 9124 = 7*t. Is t a composite number?
True
Let z(c) = 90*c**2 - c - 1. Let s(p) = -p**3 + 3*p**2 + 4*p + 2. Let j be s(4). Let v be z(j). Let t = v + -179. Is t prime?
False
Let n(p) be the first derivative of p**3/3 + p**2/2 + 4*p + 1. Let d be n(-5). Suppose g - 103 - d = 0. Is g prime?
True
Let u be (-3)/2*(-16)/12. Let h be 78/18 + u/3. Suppose r = 4*m + 157, h*r + m = -235 + 1041. Is r a composite number?
True
Let h(w) = w**3 + 8*w**2 + 8 - 2*w**3 - 3 - 2*w. Let r = -593 - -599. Is h(r) composite?
True
Let f(t) = -685*t - 9. Let l(w) = w - 1. Let c be l(-1). Is f(c) prime?
True
Suppose -2*x + 17364 = 2*l - 3230, 5*l = 3*x - 30923. Is x a composite number?
False
Let j be (62/4)/((-6)/(-12)). Let t = 12 - 12. Is (t - 1)/((-1)/j) composite?
False
Let f be 144/28 - 3/21. Suppose -f*q - 2*l + 888 = 0, q = 6*l - 2*l + 182. Let v = q + -63. Is v a composite number?
True
Suppose 121 = 8*o + 105. Let c(f) = f**2 + 2*f - 4. Let d be c(-4). Suppose 2*a - d*k = 21 + 261, -5*a + 673 = -o*k. Is a composite?
True
Suppose 2*q = 2*x + 2, -q - x + 7 - 4 = 0. Suppose 3*f + 8365 = 3*s + q*s, -3*f + 6692 = 4*s. Is s a composite number?
True
Let u(r) = -6*r - 1. Let y be u(-1). Let n(h) be the first derivative of 22*h**3/3 - 7*h**2/2 + 6*h + 48. Is n(y) a composite number?
False
Let p(l) = -3 - 682*l + 676*l - 8*l**2 + 54*l**2. Is p(5) prime?
True
Let q(c) = -c**2 - 73*c - 51. Is q(-35) a prime number?
True
Let a(u) = -2*u**2 - 11*u + 8. Let z be a(-12). Let n = 121 - z. Is n a prime number?
True
Suppose 0 = 4*x - 5*x + 5*y + 558, -x = y - 588. Is x composite?
True
Let m(l) = 4*l - 2*l**2 + 3*l**2 + 11 + 3*l**2 + 6*l**2. Is m(-7) prime?
False
Let i(z) be the first derivative of -z**3/3 + z**2/2 - 4*z + 6. Let m be i(0). Is (40/(-12))/(m/30) a prime number?
False
Let u(i) = -i**3 - i**2 + i - 7. Let k be u(0). Let t be (-2 + 2)/(k + 5). Suppose t = 2*x - 7*x + 3*o + 1201, 0 = x - 5*o - 249. Is x composite?
False
Suppose 7*y - 1170 = 3*y - 5*v, -5*v - 10 = 0. Let s = y + -750. Let p = -58 - s. Is p prime?
True
Suppose -6*b + 5*b + 3 = 0. Suppose -7 = b*z - 34. Let y = 35 - z. Is y prime?
False
Let l be 6/7*28/8. Let b(m) = -18*m**2 + m - 6. Let c be b(l). Let p = c - -248. Is p a prime number?
True
Suppose -5*t + 4*g = -20, -4*t + 5 = -0*t - g. Suppose 3*l - 3*x - 5397 = t, 3*x = -3*l - 0*x + 5409. Is l a composite number?
False
Is (-7741)/4*(5 - (-8 + 17)) a composite number?
False
Suppose -4*i + r + 17 = 0, -i = -4*i + 4*r + 3. Suppose 0 = i*a - 3*a - 102. Is a a prime number?
False
Let g = 23318 - 12045. Is g composite?
False
Let m be (-4 + 5 + 0)/((-2)/478). Let x = m - -361. Is x a prime number?
False
Suppose -2 = s - 4. Suppose -4*n = -3*c - s*n + 95, -n + 101 = 3*c. Is c a composite number?
True
Suppose -6*d + 5*d + 26 = 0. Let w be 960/(-14)*(-273)/d. Suppose w = 4*p + 188. Is p prime?
False
Let c(z) = 23*z**3 + 4*z**2 + 18*z - 160. Is c(9) prime?
True
Suppose 5*c - 6135 = 16270. Is c a prime number?
True
Let n = -483 - -1529. Suppose -3*h + n = -4*p, h - 440 = -3*p - 100. Is h a prime number?
False
Let g(k) be the first derivative of 2*k**4 + 6*k + 7/3*k**3 + 6 - 11/2*k**2. Is g(4) a composite number?
True
Let r(k) = 5618*k + 99. Is r(2) prime?
False
Suppose 12*g - 175 = 269. Is g a composite number?
False
Let j = 3337 + 790. Is j a composite number?
False
Let q = 10549 - 1158. Is q a prime number?
True
Suppose -35 = -2*t - 3*t. Suppose 3*c - t*c + 356 = 0. Suppose -3*x + 58 + c = 0. Is x a prime number?
False
Let x = -160 + 31. Let y = 78 + x. Let q = y + 134. Is q prime?
True
Suppose 0 = -9*h + 8*h + 139. Let r(l) = 54*l. Let s be r(5). Let n = s - h. Is n a prime number?
True
Suppose 0 = -67*o + 68*o - 2707. Is o composite?
False
Suppose -2*k = o - 2791, o - 5178 = -5*k + 1804. Is k a prime number?
False
Let l(x) = -x**3 - 11*x**2 - 8*x + 10. Let u be l(-10). Let o be 4*u*3/(-24). Suppose -430 = -o*a - 0*a. Is a a composite number?
True
Suppose 3*h = 3*t - 87, -3*h + 0*h - 86 = -2*t. Suppose -3*o + q + 289 = 3*q, -485 = -5*o - 4*q. Let a = o - h. Is a a composite number?
True
Let x(f) = 278*f**2 + 2*f - 1. Suppose 1 - 5 = -k. Let m be (k/8)/((-2)/(-8)). Is x(m) a composite number?
True
Let y = -891 + 1700. Is y prime?
True
Let r be (6 - -59)*(2 + 3). Let c = r - 176. Is c a composite number?
False
Let b(u) = 11*u**2 + 4*u. Let n be (4 - 4) + -3*(1 - 0). Is b(n) a prime number?
False
Let m be (105/(-7))/((-5)/(200/15)). Suppose 0 = -4*g + 5*g + 2*y, 8 = 3*g + 2*y. Suppose -3*n - g*r - 109 = -6*n, -n + m = -5*r. Is n a prime number?
False
Let d = 42 + -44. Is 2*((-121)/(-6))/(d/(-6)) prime?
False
Is 2*(-24927)/14*-1 prime?
False
Let h(i) = 557*i**2 + i + 1. Is h(3) a prime number?
False
Let h(o) = o**2 + 14 - 12 + 6*o + 17. Is h(-8) composite?
True
Is 80/(-36) + 2 + (-8579)/(-9) a composite number?
False
Suppose 14104 = 5*v + 3*t, -3*v - 2*t + 2414 + 6049 = 0. Is v composite?
False
Suppose -12*j + 94 = -2. Let n(d) = -2*d**2 - d - 4. Let k(i) = i**2 + 2*i + 3. Let f(p) = -3*k(p) - 2*n(p). Is f(j) composite?
False
Let l be (0 - 4)*(-2)/(-40)*2845. Let w = l + 1480. Is w composite?
False
Let c(h) = -h**3 + 19*h**2 + 39*h - 10. Is c(-21) a prime number?
True
Suppose -4*m = -m - 18. Let n(d) = 2*d + 5*d**2 + 1 + 2*d**2 - 6*d**2 + d**3 - d. Is n(m) composite?
True
Let c be (-8)/(-6)*(0 - 3). Let y = c + 10. Is y/(-33) + (-2798)/(-22) a prime number?
True
Let d = 76 + 43. Let r = d + 360. Is r composite?
False
Let x(q) = 134*q**2 + q + 1. Suppose 5*i - 27 = -y, -2*i - 8*y = -3*y - 20. Let s = -6 + i. Is x(s) prime?
False
Let o = -19 - -13. Let i be (-1)/o - (-105)/(-90). Is (3/3)/(i/(-149)) a prime number?
True
Let a = -276 - -89. Let r = a - -1248. Is r a composite number?
False
Let z = -95 + 106. Is (-4)/(-22) - ((-1032)/z - -5) composite?
False
Let d = -6 + 8. Is -1 - (-1571 - (-2)/d) a composite number?
True
Let i(c) = c**2 + c. Let g(q) = 16*q**2 + 7*q + 8. Let d(n) = -g(n) + 5*i(n). Let j be d(-4). Let z = -33 - j. Is z a prime number?
False
Let t(h) = 9*h**2 - 15*h - 5. Suppose 2*v - 2*s = -0*v + 22, 5*v + 2*s - 27 = 0. Is t(v) prime?
True
Suppose -3*y = -2*v + 5*v + 15, -5*y = -v - 5. Let d(i) = 5*i - 3. Let p be d(v). Let f = 59 - p. Is f a composite number?
True
Let a(w) = w + 7. Let f be a(-12). Let d(p) = -p**3 - 2*p**2 + 6*p - 5. Let k be d(f). Suppose -198 = -t - k. Is t a composite number?
True
Suppose 3*k = 2*k + 129. Let r(c) = -c - 7*c + k*c**2 - 4*c + 8*c - 3. Is r(-2) a composite number?
False
Le